{"id":9632,"date":"2014-06-28T15:37:50","date_gmt":"2014-06-28T13:37:50","guid":{"rendered":"https:\/\/wegeblw.pl\/index.php\/produkt\/lodowka-samsung-rb31fdrndsa\/"},"modified":"2026-04-08T21:53:17","modified_gmt":"2026-04-08T19:53:17","slug":"lodowka-samsung-rb31fdrndsa","status":"publish","type":"product","link":"https:\/\/wegeblw.pl\/index.php\/produkt\/lodowka-samsung-rb31fdrndsa\/","title":{"rendered":"Lod\u00f3wka Samsung RB31FDRNDSA"},"content":{"rendered":"<p>Woda Kwiatowa Hydrolat z Mi\u0119ty Kej<\/p>\n<p>Toniki i hydrolaty do twarzy<\/p>\n<p>mleko kokosowe w proszku, cukier waniliowy, krem na odparzenia dla niemowl\u0105t, herbata krwawnik, krosno pu\u017caka, madara krem, mgie\u0142ka solankowa jak u\u017cywa\u0107, do czego s\u0142u\u017cy kubek menstruacyjny, tw\u00f3j cel to biotyna efekty, czekolada ritter, produkty z konopii z czech, ma\u015b\u0107 alpenkrauter-emulsion zastosowanie, mas\u0142o orzechowe ig<\/p>\n<p><a href=\"https:\/\/www.cefarm24.pl\/czytelnia\/matka-i-dziecko\/co-to-jest-stulejka\/\">cefarm24.pl\/czytelnia\/matka-i-dziecko\/co-to-jest-stulejka\/<\/a><\/p>\n","protected":false},"excerpt":{"rendered":"<p>Woda Kwiatowa Hydrolat z Mi\u0119ty Kej Toniki i hydrolaty do twarzy mleko kokosowe w proszku, cukier waniliowy, krem na odparzenia&hellip;<\/p>\n","protected":false},"featured_media":9633,"comment_status":"closed","ping_status":"open","template":"","meta":[],"product_cat":[346],"product_tag":[751,780,800,777],"class_list":["post-9632","product","type-product","status-publish","has-post-thumbnail","hentry","product_cat-lodowki","product_tag-24-organic","product_tag-b12","product_tag-isolabio","product_tag-mieso-wege"],"_links":{"self":[{"href":"https:\/\/wegeblw.pl\/index.php\/wp-json\/wp\/v2\/product\/9632","targetHints":{"allow":["GET"]}}],"collection":[{"href":"https:\/\/wegeblw.pl\/index.php\/wp-json\/wp\/v2\/product"}],"about":[{"href":"https:\/\/wegeblw.pl\/index.php\/wp-json\/wp\/v2\/types\/product"}],"replies":[{"embeddable":true,"href":"https:\/\/wegeblw.pl\/index.php\/wp-json\/wp\/v2\/comments?post=9632"}],"wp:featuredmedia":[{"embeddable":true,"href":"https:\/\/wegeblw.pl\/index.php\/wp-json\/wp\/v2\/media\/9633"}],"wp:attachment":[{"href":"https:\/\/wegeblw.pl\/index.php\/wp-json\/wp\/v2\/media?parent=9632"}],"wp:term":[{"taxonomy":"product_cat","embeddable":true,"href":"https:\/\/wegeblw.pl\/index.php\/wp-json\/wp\/v2\/product_cat?post=9632"},{"taxonomy":"product_tag","embeddable":true,"href":"https:\/\/wegeblw.pl\/index.php\/wp-json\/wp\/v2\/product_tag?post=9632"}],"curies":[{"name":"wp","href":"https:\/\/api.w.org\/{rel}","templated":true}]}}