{"id":9704,"date":"2020-12-31T23:10:04","date_gmt":"2020-12-31T22:10:04","guid":{"rendered":"https:\/\/wegeblw.pl\/index.php\/produkt\/invent-farm-herbs-line-kwas-hialuronowy-niskoczasteczkowy-60-kaps\/"},"modified":"2026-04-09T10:38:16","modified_gmt":"2026-04-09T08:38:16","slug":"invent-farm-herbs-line-kwas-hialuronowy-niskoczasteczkowy-60-kaps","status":"publish","type":"product","link":"https:\/\/wegeblw.pl\/index.php\/produkt\/invent-farm-herbs-line-kwas-hialuronowy-niskoczasteczkowy-60-kaps\/","title":{"rendered":"Invent Farm, Herbs Line, Kwas Hialuronowy, niskocz\u0105steczkowy, 60 kaps"},"content":{"rendered":"<p>Nomi By Evomove Elementy Krzese\u0142ka Do Karmienia Antracyt Szary<\/p>\n<p>Elementy do wysokiego krzese\u0142ka Koncepcj\u0119 Nomi mo\u017cna \u0142atwo<br \/>\ndostosowa\u0107 do ka\u017cdej grupy wiekowej &#8211; bezstopniowo i bez u\u017cycia narz\u0119dzi.<br \/>\nZar\u00f3wno siedzisko, jak i podn\u00f3\u017cek posiadaj\u0105 obrotowe pokr\u0119t\u0142o, kt\u00f3re bardzo<br \/>\nu\u0142atwia regulacj\u0119 wysoko\u015bci krzes\u0142a &#8211; bez \u017cadnych narz\u0119dzi. Dzi\u0119ki temu mo\u017cna<br \/>\nszybko i \u0142atwo dostosowa\u0107 Nomi do wielko\u015bci dziecka lub do potrzeb ma\u0142ych go\u015bci<br \/>\nlub wnuk\u00f3w w ka\u017cdym wieku. Specjalnym \u015brodkiem bezpiecze\u0144stwa jest sto\u017ckowy<br \/>\nkszta\u0142t \u015brodkowej kolumny, kt\u00f3ry poszerza si\u0119 w d\u00f3\u0142, co zapobiega nag\u0142emu<br \/>\nze\u015blizgni\u0119ciu si\u0119 siedziska i podn\u00f3\u017cka, je\u015bli pokr\u0119t\u0142o nie jest prawid\u0142owo<br \/>\ndokr\u0119cone.                             <\/p>\n<p>Wysokie krzese\u0142ko Nomi powinno by\u0107 zawsze dostosowane do<br \/>\nwielko\u015bci dziecka i wysoko\u015bci sto\u0142u. \u0141okcie dziecka powinny znajdowa\u0107 si\u0119 na<br \/>\nwysoko\u015bci blatu sto\u0142u. Podn\u00f3\u017cek jest tak ustawiony, uda i nogi tworz\u0105 k\u0105t<br \/>\nprosty. Specjalny kszta\u0142t \u015brodkowej kolumny (sprzedawanej oddzielnie)<br \/>\nautomatycznie zapewnia prawid\u0142ow\u0105 g\u0142\u0119boko\u015b\u0107 siedziska i po\u0142o\u017cenie podn\u00f3\u017cka.                            <\/p>\n<p>Mocne trzymanie st\u00f3p<br \/>\njest warunkiem koniecznym dla ka\u017cdego ruchu i zdrowego rozwoju motoryki. Nadaje<br \/>\nsi\u0119 dla dzieci od ok. 2 lat do nastolatk\u00f3w. Dzi\u0119ki odpowiednim akcesoriom<br \/>\nkrzese\u0142ko Nomi mo\u017cna zmodyfikowa\u0107 tak, aby by\u0142o odpowiednie dla dzieci w ka\u017cdym<br \/>\nwieku &#8211; od pierwszego dnia porodu. Zakres dostawy: N\u00f3\u017cki: podn\u00f3\u017cek siedzisko<br \/>\nregulowane oparcie Uwaga: Przedstawiona kolumna \u015brodkowa nie wchodzi w zakres dostawy.<\/p>\n<p>Krzese\u0142ka do karmienia<\/p>\n<p>kurczak w sosie s\u0142odko kwa\u015bnym, collagen, uszka z kapust\u0105 i grzybami, sok z cytryny, olejek z aloesu, nerkowce wikipedia, m\u0105ka ry\u017cowa pe\u0142noziarnista, maka owsiana, shitake, birnen<\/p>\n<p>yyyyy<\/p>\n","protected":false},"excerpt":{"rendered":"<p>Nomi By Evomove Elementy Krzese\u0142ka Do Karmienia Antracyt Szary Elementy do wysokiego krzese\u0142ka Koncepcj\u0119 Nomi mo\u017cna \u0142atwo dostosowa\u0107 do ka\u017cdej&hellip;<\/p>\n","protected":false},"featured_media":9705,"comment_status":"closed","ping_status":"open","template":"","meta":[],"product_cat":[17],"product_tag":[753,821,664,720,727],"class_list":["post-9704","product","type-product","status-publish","has-post-thumbnail","hentry","product_cat-stawy-miesnie-i-kosci","product_tag-english-tea-shop-kalendarz-adwentowy","product_tag-gotowanie-komosy-ryzowej","product_tag-komoda-ryzowa","product_tag-komose","product_tag-sok-plus"],"_links":{"self":[{"href":"https:\/\/wegeblw.pl\/index.php\/wp-json\/wp\/v2\/product\/9704","targetHints":{"allow":["GET"]}}],"collection":[{"href":"https:\/\/wegeblw.pl\/index.php\/wp-json\/wp\/v2\/product"}],"about":[{"href":"https:\/\/wegeblw.pl\/index.php\/wp-json\/wp\/v2\/types\/product"}],"replies":[{"embeddable":true,"href":"https:\/\/wegeblw.pl\/index.php\/wp-json\/wp\/v2\/comments?post=9704"}],"wp:featuredmedia":[{"embeddable":true,"href":"https:\/\/wegeblw.pl\/index.php\/wp-json\/wp\/v2\/media\/9705"}],"wp:attachment":[{"href":"https:\/\/wegeblw.pl\/index.php\/wp-json\/wp\/v2\/media?parent=9704"}],"wp:term":[{"taxonomy":"product_cat","embeddable":true,"href":"https:\/\/wegeblw.pl\/index.php\/wp-json\/wp\/v2\/product_cat?post=9704"},{"taxonomy":"product_tag","embeddable":true,"href":"https:\/\/wegeblw.pl\/index.php\/wp-json\/wp\/v2\/product_tag?post=9704"}],"curies":[{"name":"wp","href":"https:\/\/api.w.org\/{rel}","templated":true}]}}