{"id":9896,"date":"2021-04-12T08:20:07","date_gmt":"2021-04-12T06:20:07","guid":{"rendered":"https:\/\/wegeblw.pl\/index.php\/produkt\/healthy-origins-epicor-500-mg-150-kapsulek\/"},"modified":"2026-04-07T01:15:14","modified_gmt":"2026-04-06T23:15:14","slug":"healthy-origins-epicor-500-mg-150-kapsulek","status":"publish","type":"product","link":"https:\/\/wegeblw.pl\/index.php\/produkt\/healthy-origins-epicor-500-mg-150-kapsulek\/","title":{"rendered":"Healthy Origins EpiCor 500 mg &#8211; 150 kapsu\u0142ek"},"content":{"rendered":"<p>Ja\u015bniejszy obraz, pe\u0142niejsza rozrywka\u015aled\u017a akcj\u0119 na du\u017cym ekranie, ogl\u0105daj\u0105c \u017cywy obraz o jasno\u015bci do 2000 lumen\u00f3w zapewnianej przez trwa\u0142e, laserowe \u017ar\u00f3d\u0142o \u015bwiat\u0142a.Nowy panel SXRD\u2122 o natywnej rozdzielczo\u015bci 4KZanurz si\u0119 w niezwykle realistycznym obrazie o natywnej rozdzielczo\u015bci 4K, z\u0142o\u017conym z 8,3 miliona pikseli (3840 \u00d7 2160). Nowy panel SXRD 0,61\u2033 pozwala po\u0142\u0105czy\u0107 du\u017c\u0105 jasno\u015b\u0107 z g\u0142\u0119bok\u0105 czerni\u0105. Zapewnia \u017cywe kolory, bogate przej\u015bcia tonalne i faktury, wyra\u017any, filmowy ruch oraz g\u0142adko\u015b\u0107 obrazu.Nowa optyka Wide Dynamic Range OpticsNowy system optyczny Wide Dynamic Range Optics pozwala zmniejszy\u0107 wymiary projektora VPL-XW5000ES i lepiej wykorzystuje mo\u017cliwo\u015bci laserowego \u017ar\u00f3d\u0142a \u015bwiat\u0142a. Zwi\u0119ksza r\u00f3wnie\u017c bogactwo kolor\u00f3w, dzi\u0119ki czemu obraz ma naturaln\u0105 kolorystyk\u0119 i niezwyk\u0142y kontrast nawet w jasnym otoczeniu.Najbardziej zaawansowany procesor \u201eX1\u2122 Ultimate for projector\u201dProcesor Sony \u201eX1\u2122 Ultimate for projector\u201d jest oparty na wysoko ocenianych technologiach obrazu telewizor\u00f3w BRAVIA i wykorzystuje zaawansowane przetwarzanie danych do optymalizacji w czasie rzeczywistym poszczeg\u00f3lnych obiekt\u00f3w na ekranie. W rezultacie ogl\u0105dasz nadzwyczajne obrazy HDR, kt\u00f3re pod wzgl\u0119dem faktur, kolor\u00f3w, kontrastu i realizmu przewy\u017cszaj\u0105 poprzednie projektory do kina domowego.Object-based HDR remasterAnalizuje kolory poszczeg\u00f3lnych obiekt\u00f3w i koryguje kontrast, by wzmocni\u0107 g\u0142\u0119bi\u0119 i wzbogaci\u0107 faktury.Dynamic HDR EnhancerWzmacnia kontrast i reguluje moc lasera, by zapewni\u0107 du\u017c\u0105 jasno\u015b\u0107 obrazu 4K HDR.Object-based Super ResolutionWykrywa i optymalizuje poszczeg\u00f3lne obiekty, by nada\u0107 obrazowi wyj\u0105tkow\u0105 szczeg\u00f3\u0142owo\u015b\u0107.Dual Database ProcessingJedna z bogatych baz danych poprawia obraz poprzez os\u0142abianie zak\u0142\u00f3ce\u0144 na ekranie; druga s\u0142u\u017cy do interpolacji rozdzielczo\u015bci.System Digital Focus OptimiserAnalizuje ka\u017cdy piksel w celu zwi\u0119kszenia ostro\u015bci, nawet w rogach obrazu.Jeszcze wi\u0119cej wiernych kolor\u00f3wOgl\u0105daj ponad miliard \u017cywych kolor\u00f3w. Specjalny algorytm Sony TRILUMINOS PRO identyfikuje kolor na podstawie nasycenia, odcienia i jasno\u015bci, by zapewni\u0107 wy\u015bwietlanie naturalnych odcieni w ka\u017cdym szczeg\u00f3le. Zauwa\u017cysz, \u017ce kolory na ekranie s\u0105 bardziej zbli\u017cone do ogl\u0105danych w rzeczywisto\u015bci.Kolory bez ogranicze\u0144Projektor VPL-XW5000ES reprodukuje wyj\u0105tkowo szeroki zakres barw, pokrywaj\u0105cy a\u017c 95% kinowego standardu DCI-P3.Najwspanialsze do\u015bwiadczenie kina na du\u017cym ekranieProjektor VPL-XW5000ES jest zgodny z materia\u0142ami IMAX Enhanced, dzi\u0119ki czemu podczas ich ogl\u0105dania zapewnia wra\u017cenia wizualne znane z sal kinowych IMAX. Wykorzystaj du\u017cy ekran do ogl\u0105dania film\u00f3w, kt\u00f3re w trybie IMAX Enhanced staj\u0105 si\u0119 jeszcze bardziej wci\u0105gaj\u0105ce.Kompaktowy, elegancki, pasuj\u0105cy do ka\u017cdego domuNajbardziej kompaktowy na \u015bwiecie projektor laserowy HDR o natywnej rozdzielczo\u015bci 4KElegancki, harmonizuj\u0105cy z nowoczesnym wn\u0119trzami model VPL-XW5000ES to najbardziej kompaktowy na \u015bwiecie projektor laserowy HDR o natywnej rozdzielczo\u015bci 4K*. Aby projektor VPL-XW5000ES m\u00f3g\u0142 by\u0107 mniejszy i l\u017cejszy od swoich poprzednik\u00f3w, zaprojektowali\u015bmy nowy panel SXRD o natywnej rozdzielczo\u015bci 4K i kompaktowy system optyczny Wide Dynamic Range Optics. W rezultacie obj\u0119to\u015b\u0107 jest o oko\u0142o 30% mniejsza, a waga o oko\u0142o 35% mniejsza ni\u017c modelu VPL-VW790ES, maj\u0105cego tak samo wysok\u0105 jasno\u015b\u0107.Inteligentny projektor opracowany z my\u015bl\u0105 o trwa\u0142o\u015bciElement bardziej inteligentnego kina domowegoProjektor VPL-XW5000ES jest bezproblemowy w integracji z nowoczesnymi systemami automatyki domowej. Obs\u0142uguje rozwi\u0105zania Control4, Crestron, Savant i AMX, dzi\u0119ki czemu rozrywka idzie w parze z wi\u0119ksz\u0105 wygod\u0105 i inteligentnymi funkcjami.Trwa\u0142a jasno\u015b\u0107U\u017cytkownicy projektora VPL-XW5000ES nie musz\u0105 troszczy\u0107 si\u0119 o wymian\u0119 lamp. Laserowe \u017ar\u00f3d\u0142o bardzo czystego \u015bwiat\u0142a nie wymaga praktycznie \u017cadnej konserwacji i umo\u017cliwia wy\u015bwietlanie idealnie wyra\u017anego obrazu 4K o optymalnej jasno\u015bci nawet przez 20 000 godzin.Zaprojektowany z my\u015bl\u0105 o lepszej przysz\u0142o\u015bci spo\u0142ecze\u0144stwaStabilne parametryProjektor VPL-XW5000ES wyr\u00f3\u017cnia si\u0119 nie tylko \u015bwietnymi parametrami i dzia\u0142aniem \u2014 dzi\u0119ki bezrt\u0119ciowemu, laserowemu \u017ar\u00f3d\u0142u \u015bwiat\u0142a i mniejszemu ni\u017c w poprzednich modelach zu\u017cyciu energii w przeliczeniu na jeden lumen jest te\u017c bardziej przyjazny dla planety.W por\u00f3wnaniu z modelem VPL-VW790ES ilo\u015b\u0107 plastiku z surowc\u00f3w pierwotnych u\u017cywanego w projektorze zmala\u0142a o ponad jedn\u0105 czwart\u0105. O ponad 15% zmniejszy\u0142a si\u0119 te\u017c ilo\u015b\u0107 materia\u0142\u00f3w opakowaniowych.Funkcje dodatkoweP\u0142ynny ruch na ekranieAby sport i kino akcji wygl\u0105da\u0142y p\u0142ynniej i wyra\u017aniej, technologia 4K Motionflow\u2122 generuje dodatkowe klatki, kt\u00f3re przeciwdzia\u0142aj\u0105 zamazywaniu si\u0119 obrazu na ekranie. Dla puryst\u00f3w przeznaczony jest tryb True Theatre, zachowuj\u0105cy pierwotne tempo wy\u015bwietlania obrazu: 24 klatki na sekund\u0119.R\u00f3wnie szybki jak TyTryb zmniejszania op\u00f3\u017anienia sygna\u0142u wej\u015bciowego znacznie skraca czas oczekiwania na wy\u015bwietlenie obrazu na ekranie. Wyprzed\u017a rywali dzi\u0119ki bardzo szybkim reakcjom i wprowad\u017a do gry dodatkow\u0105 dawk\u0119 emocji. W przypadku sygna\u0142u wej\u015bciowego 4K 60 Hz op\u00f3\u017anienie w projektorze nie przekracza 21 ms, a sygna\u0142u 2K 120 Hz \u2014 13 ms.Zawsze widoczny ca\u0142y obrazZgodno\u015b\u0107 obiektyw\u00f3w anamorficznych z sygna\u0142ami 4K oznacza, \u017ce mo\u017cesz u\u017cywa\u0107 starszych obiektyw\u00f3w anamorficznych nawet podczas ogl\u0105dania materia\u0142\u00f3w 4K. Funkcja V-stretch dla obrazu 4K gwarantuje prawid\u0142owe wy\u015bwietlanie ulubionych format\u00f3w.<\/p>\n<p>Projektory<\/p>\n<p>orzechy ziemne wlasciwosci, maka na graham, placuszki warzywne dla dzieci, ekologiczny p\u0142yn do p\u0142ukania, groch puree, wlosy czekoladowy braz<\/p>\n<p>yyyyy<\/p>\n","protected":false},"excerpt":{"rendered":"<p>Ja\u015bniejszy obraz, pe\u0142niejsza rozrywka\u015aled\u017a akcj\u0119 na du\u017cym ekranie, ogl\u0105daj\u0105c \u017cywy obraz o jasno\u015bci do 2000 lumen\u00f3w zapewnianej przez trwa\u0142e, laserowe&hellip;<\/p>\n","protected":false},"featured_media":9897,"comment_status":"closed","ping_status":"open","template":"","meta":[],"product_cat":[29],"product_tag":[780,662,847,883],"class_list":["post-9896","product","type-product","status-publish","has-post-thumbnail","hentry","product_cat-pozostale-suplementy","product_tag-b12","product_tag-co-mozna-zrobic-z-kokosa","product_tag-czym-zastapic-nabial","product_tag-ekologiczne-warzywa"],"_links":{"self":[{"href":"https:\/\/wegeblw.pl\/index.php\/wp-json\/wp\/v2\/product\/9896","targetHints":{"allow":["GET"]}}],"collection":[{"href":"https:\/\/wegeblw.pl\/index.php\/wp-json\/wp\/v2\/product"}],"about":[{"href":"https:\/\/wegeblw.pl\/index.php\/wp-json\/wp\/v2\/types\/product"}],"replies":[{"embeddable":true,"href":"https:\/\/wegeblw.pl\/index.php\/wp-json\/wp\/v2\/comments?post=9896"}],"wp:featuredmedia":[{"embeddable":true,"href":"https:\/\/wegeblw.pl\/index.php\/wp-json\/wp\/v2\/media\/9897"}],"wp:attachment":[{"href":"https:\/\/wegeblw.pl\/index.php\/wp-json\/wp\/v2\/media?parent=9896"}],"wp:term":[{"taxonomy":"product_cat","embeddable":true,"href":"https:\/\/wegeblw.pl\/index.php\/wp-json\/wp\/v2\/product_cat?post=9896"},{"taxonomy":"product_tag","embeddable":true,"href":"https:\/\/wegeblw.pl\/index.php\/wp-json\/wp\/v2\/product_tag?post=9896"}],"curies":[{"name":"wp","href":"https:\/\/api.w.org\/{rel}","templated":true}]}}